actor of 22152 and m?
71
Let w = 829 - 52. Calculate the highest common divisor of w and 1110.
111
Let c(v) = -v**3 - 29*v**2 - 54*v + 4. Let t be c(-27). Suppose -2*w - n = -280, -w + 560 = 3*w + t*n. Calculate the greatest common factor of w and 40.
20
Suppose 0 = -64*z + 59*z + 600. Calculate the highest common factor of 705 and z.
15
Let p be 345/9 - (-8)/12. Suppose -p = -2*x - 19. What is the highest common divisor of 40 and x?
10
Suppose -19*o - 566 - 58 = -45*o. Calculate the greatest common divisor of 1816 and o.
8
Suppose -5*z + 405 = 5*b, -4*b = 4*z - 6*z + 126. Let g = 79 + -29. Calculate the greatest common factor of z and g.
25
Let s = 19443 + -19429. What is the greatest common divisor of s and 28378?
14
Let g be (4 + 0)/(-3*(-10)/(-15)). Let b be (-1 + 86)*g/(-2). What is the highest common divisor of 34 and b?
17
Let n(v) = 2*v**3 + 36*v**2 - 86*v - 5. Let q be n(3). Let s be 2/(-11) - 399/(-77). Suppose -1 - 24 = -s*p. What is the greatest common divisor of p and q?
5
Let y(r) = -r**3 - 16*r**2 + 75*r - 68. Let w be y(-20). Calculate the highest common factor of w and 72.
8
Suppose -21*r - 105264 = -157*r. What is the highest common factor of r and 2408?
86
Let y(v) = v**2 - 43*v + 75. Let z be y(43). What is the greatest common divisor of z and 645?
15
Let q be ((-2)/6)/((-3)/9). Let v(u) = 30*u. Let a be v(q). Let m = 1390 + -1180. What is the highest common divisor of m and a?
30
Let o = -5780 + 5930. Calculate the highest common factor of o and 52050.
150
Let g(t) = 2*t**3 - 6*t**2 - 15. Let l be g(7). Suppose 3*i - l = -10*i. What is the highest common divisor of i and 377?
29
Suppose -f - 2*v - 15 = -2, -52 = 4*f - 3*v. Let y(j) = -65*j - 200. Let q be y(f). Calculate the highest common factor of 30 and q.
15
Let k(t) = -25*t + 833. Let h be k(9). Calculate the greatest common divisor of h and 224.
32
Let s = 49 - 18. Let o = s - 2. Suppose 0*k - 4*v = 2*k - 166, k - 3*v - 93 = 0. Calculate the greatest common factor of o and k.
29
Let g(p) = p**2 - 9*p + 88. Let h be -6*3/30 - (-774)/90. Let y be g(h). Calculate the greatest common factor of 400 and y.
80
Let i = -79 - -79. Suppose -s = i, 6 = -8*a + 9*a - 4*s. What is the highest common factor of 150 and a?
6
Let y be (18/15)/(6/(-20)). Let p be y*5/(50/(-215)). Suppose -z + 98 = -0*m + 3*m, -5*z - p = -3*m. What is the greatest common factor of m and 48?
16
Suppose 1226 = 3*t - 21*j + 22*j, -1643 = -4*t - 3*j. What is the greatest common divisor of t and 143?
11
Suppose -35 = -q + 5*f, 3*q - 4*f = -2*q + 91. Let r(o) = o**3 - 2*o**2 + 6*o. Let d = -2 + 7. Let j be r(d). Calculate the greatest common factor of j and q.
15
Let j(w) = 45*w**2 + 6*w - 97. Let c be j(8). Calculate the highest common divisor of c and 149.
149
Suppose 0 = q + 80 - 289. Suppose 54*j = -57790 + 59842. What is the greatest common factor of j and q?
19
Let m(j) = -7*j**2 - 9*j - 6. Let w be m(-2). Let l be (-6)/(-16) - (1034/w - -2). Calculate the highest common divisor of 21 and l.
21
Suppose q + 7 = 9. Suppose -13*c + q*c = -165. What is the highest common factor of c and 15?
15
Suppose 2*p = 4*m + 484, p + 46 = -4*m + 264. Let l = p + -142. Calculate the greatest common factor of 16 and l.
4
Let h = 3389 + -3141. Calculate the highest common factor of 868 and h.
124
Let z = 33 + -80. Let x = z + 51. Let w = 29 + x. Calculate the greatest common factor of w and 44.
11
Let t(j) = 117*j - 2210. Let l be t(19). What is the highest common divisor of 1859 and l?
13
Let y be 3/(-2)*(-39 + 17). What is the greatest common divisor of y and 2035?
11
Let b be 1*(0 + -1) + -23. Let i be -3*b/(-27)*-6. Let j(y) = y**2 - 3*y - 20. Let v be j(7). Calculate the highest common divisor of i and v.
8
Let d(q) = -4*q + 173. Let o be d(32). Calculate the greatest common divisor of 3825 and o.
45
Let t(z) = z**3 + 2*z**2 - 1. Let l be t(3). Let y(x) = 35*x - 8. Let w be (3/3 - -2)*48/36. Let s be y(w). Calculate the greatest common factor of s and l.
44
Suppose 0 = 22*p + 3 - 47. Let r be (48 - 1)/((-3)/(-6)). Suppose -4*v + 6*w - w + 106 = 0, w = -4*v + r. What is the highest common divisor of v and p?
2
Suppose 9*k - 845 = 6355. Calculate the highest common divisor of 350 and k.
50
Let g(a) = 853*a**3 - 8*a**2 + 5*a + 4. Let t be g(2). Calculate the highest common factor of 166 and t.
166
Let m = 90 - -14. Suppose 13*b - 16 = 9*b. Suppose 4*v = -4*r + 12, 0 = b*r + 2*v + v - 17. Calculate the greatest common factor of r and m.
8
Let s(g) = -15*g - 148. Let l be s(-12). Suppose -37*q = -l*q - 165. What is the highest common factor of 187 and q?
11
Suppose -7*i = -690 - 206. Let b = 132 - i. Let z be 6/4 + (1 - (-854)/b). Calculate the greatest common divisor of 12 and z.
12
Let j(u) = 363*u + 731. Let t be j(-2). Calculate the greatest common divisor of 19605 and t.
5
Suppose 1080 = -0*f - 8*f. Let q be (f/6)/(9/(-192)). Suppose x - 201 = -2*y, 6*x = 5*y + x - q. What is the highest common factor of y and 11?
11
Suppose 9*y - 9456 = -7*y. Let m = y + -582. Suppose -123 - 39 = -3*d. What is the highest common divisor of d and m?
9
Let i be 3722/(-10) + 6/5. Let j be 60/7 + (-159)/i. Calculate the highest common factor of j and 15.
3
Suppose 0 = 4*v - 20, 3*u - 31789 = -3*v + 108671. Calculate the greatest common divisor of u and 15.
15
Let s(r) = -r**2 + 20*r + 176. Let d be s(-6). Calculate the highest common divisor of d and 110.
10
Suppose -14*t - 88 = -172. Calculate the highest common divisor of 256 and t.
2
Let m = 74 + -89. Let b be -5*1 - (m - -8). Let l(r) = 9*r**3 - 3*r**2 - 3*r + 9. Let t be l(b). What is the highest common factor of 105 and t?
21
Let j be (-67)/(-335) + 172602/15. Calculate the greatest common divisor of 74 and j.
37
Suppose 11*t = 10*t + 4*u + 461, u = -5. What is the highest common factor of t and 6909?
147
Suppose -5*k + p = -7504, k - 1506 = -45*p + 40*p. What is the highest common divisor of k and 711?
79
Suppose 452*t + 826 = 531*t - 280. What is the highest common factor of t and 5236?
14
Suppose 172 + 1678 = 10*g. Let u = -184 + g. Calculate the greatest common divisor of u and 13.
1
Suppose -2*v - 4*v = -v. Suppose -5*m + 54 = -2*q, v = -2*m - 3*q + 1 + 13. Let r be ((-35)/m)/((-1)/38) + 0. What is the highest common factor of r and 19?
19
Let r(j) = 9*j**3 - 2*j - 1. Let s be r(-1). Let k = -6 - s. Suppose -4*x + 2*y = -86, -89*y - 67 = -3*x - 90*y. What is the greatest common factor of x and k?
2
Let g be (-24 + (-3498)/(-165))*(-360)/2. What is the highest common factor of g and 3150?
126
Suppose -3 = -m + 1. Let x be -2 + m + (8 - 10). Suppose 4*g + 5*l + x = -1, -4*l = -4*g + 8. Calculate the highest common divisor of g and 3.
1
Let h = 4138 + -2761. Calculate the highest common divisor of 81 and h.
81
Let v(d) = 189*d - 11. Let l be v(1). Let w = l + -115. What is the highest common divisor of 36 and w?
9
Suppose 0 = 5*s - 18 + 13. Let j(g) = 13*g - 9 - 7*g - 4*g. Let l be j(8). Calculate the highest common factor of l and s.
1
Suppose h + h = 2*i - 44, i = -5*h + 16. Let v(g) = 4*g - 79. Let q be v(i). Calculate the greatest common factor of 125 and q.
5
Let z(p) = 4*p**3 + p**2 + 2*p - 2. Let w be z(2). Suppose 73*v = -44*v + 11115. What is the highest common factor of w and v?
19
Let a(p) = -2*p**3 + 3*p**2 - 4*p + 1. Let l be a(1). Let o = l + -18. Let m be 5/2*(-16)/o. What is the greatest common factor of m and 18?
2
Let k be (16/10)/((-5)/100). Let y be -4*3/24*k. Calculate the highest common divisor of y and 432.
16
Let o(g) = -g**3 - 8*g**2 + 4. Let h be (-3*4/3)/(1/2). Let y be o(h). Calculate the highest common divisor of 54 and y.
2
Let y(f) = f**3 + 6*f**2 - 5*f - 10. Let s be y(2). Let j(v) = 40*v - 4. Let i be j(7). Calculate the greatest common divisor of s and i.
12
Let y = 38356 + -38040. Calculate the highest common divisor of 188 and y.
4
Suppose -x + j + 15 = 6*j, -3*x + 63 = -3*j. Suppose x*o + 480 = 35*o. Calculate the highest common divisor of o and 112.
16
Let a = -97 + 97. Suppose -2*f + 227 + 151 = a. Suppose 42 = l - t, 0 = 4*l + 2*t + t - f. What is the highest common divisor of 18 and l?
9
Suppose -10*u + 272 = -538. Calculate the highest common divisor of u and 1539.
81
Suppose 1 = -4*i + 13. Let q be (-2 - (-6)/4)*2. Let v be q*2*(2 